[INFO] cloning repository https://github.com/JonRCahill/juniper_context_lifetimes
[INFO] running `Command { std: "git" "-c" "credential.helper=" "-c" "credential.helper=/workspace/cargo-home/bin/git-credential-null" "clone" "--bare" "https://github.com/JonRCahill/juniper_context_lifetimes" "/workspace/cache/git-repos/https%3A%2F%2Fgithub.com%2FJonRCahill%2Fjuniper_context_lifetimes", kill_on_drop: false }`
[INFO] [stderr] Cloning into bare repository '/workspace/cache/git-repos/https%3A%2F%2Fgithub.com%2FJonRCahill%2Fjuniper_context_lifetimes'...
[INFO] running `Command { std: "git" "rev-parse" "HEAD", kill_on_drop: false }`
[INFO] [stdout] 7daf4135e1c3ad72dc926c26220e30e126fbe705
[INFO] checking JonRCahill/juniper_context_lifetimes against master#e6e4f7ed1589e03bc2f6c5931c1a72e7947e8682 for beta-170-4
[INFO] running `Command { std: "git" "clone" "/workspace/cache/git-repos/https%3A%2F%2Fgithub.com%2FJonRCahill%2Fjuniper_context_lifetimes" "/workspace/builds/worker-4-tc2/source", kill_on_drop: false }`
[INFO] [stderr] Cloning into '/workspace/builds/worker-4-tc2/source'...
[INFO] [stderr] done.
[INFO] validating manifest of git repo https://github.com/JonRCahill/juniper_context_lifetimes on toolchain e6e4f7ed1589e03bc2f6c5931c1a72e7947e8682
[INFO] running `Command { std: CARGO_HOME="/workspace/cargo-home" RUSTUP_HOME="/workspace/rustup-home" "/workspace/cargo-home/bin/cargo" "+e6e4f7ed1589e03bc2f6c5931c1a72e7947e8682" "metadata" "--manifest-path" "Cargo.toml" "--no-deps", kill_on_drop: false }`
[INFO] started tweaking git repo https://github.com/JonRCahill/juniper_context_lifetimes
[INFO] finished tweaking git repo https://github.com/JonRCahill/juniper_context_lifetimes
[INFO] tweaked toml for git repo https://github.com/JonRCahill/juniper_context_lifetimes written to /workspace/builds/worker-4-tc2/source/Cargo.toml
[INFO] crate git repo https://github.com/JonRCahill/juniper_context_lifetimes already has a lockfile, it will not be regenerated
[INFO] running `Command { std: CARGO_HOME="/workspace/cargo-home" RUSTUP_HOME="/workspace/rustup-home" "/workspace/cargo-home/bin/cargo" "+e6e4f7ed1589e03bc2f6c5931c1a72e7947e8682" "fetch" "--manifest-path" "Cargo.toml", kill_on_drop: false }`
[INFO] [stderr]     Blocking waiting for file lock on package cache
[INFO] running `Command { std: "docker" "create" "-v" "/var/lib/crater-agent-workspace/builds/worker-4-tc2/target:/opt/rustwide/target:rw,Z" "-v" "/var/lib/crater-agent-workspace/builds/worker-4-tc2/source:/opt/rustwide/workdir:ro,Z" "-v" "/var/lib/crater-agent-workspace/cargo-home:/opt/rustwide/cargo-home:ro,Z" "-v" "/var/lib/crater-agent-workspace/rustup-home:/opt/rustwide/rustup-home:ro,Z" "-e" "SOURCE_DIR=/opt/rustwide/workdir" "-e" "CARGO_TARGET_DIR=/opt/rustwide/target" "-e" "CARGO_HOME=/opt/rustwide/cargo-home" "-e" "RUSTUP_HOME=/opt/rustwide/rustup-home" "-w" "/opt/rustwide/workdir" "-m" "1610612736" "--user" "0:0" "--network" "none" "ghcr.io/rust-lang/crates-build-env/linux@sha256:19e73879b68f455e41552ea35293514db52ea292d993f571636dbffedb77a1ee" "/opt/rustwide/cargo-home/bin/cargo" "+e6e4f7ed1589e03bc2f6c5931c1a72e7947e8682" "metadata" "--no-deps" "--format-version=1", kill_on_drop: false }`
[INFO] [stdout] 42f9e847a9aec47e43fb97baee4bb16071fa3a97fb4a86468048acbc4e8737a4
[INFO] running `Command { std: "docker" "start" "-a" "42f9e847a9aec47e43fb97baee4bb16071fa3a97fb4a86468048acbc4e8737a4", kill_on_drop: false }`
[INFO] running `Command { std: "docker" "inspect" "42f9e847a9aec47e43fb97baee4bb16071fa3a97fb4a86468048acbc4e8737a4", kill_on_drop: false }`
[INFO] running `Command { std: "docker" "rm" "-f" "42f9e847a9aec47e43fb97baee4bb16071fa3a97fb4a86468048acbc4e8737a4", kill_on_drop: false }`
[INFO] [stdout] 42f9e847a9aec47e43fb97baee4bb16071fa3a97fb4a86468048acbc4e8737a4
[INFO] running `Command { std: "docker" "create" "-v" "/var/lib/crater-agent-workspace/builds/worker-4-tc2/target:/opt/rustwide/target:rw,Z" "-v" "/var/lib/crater-agent-workspace/builds/worker-4-tc2/source:/opt/rustwide/workdir:ro,Z" "-v" "/var/lib/crater-agent-workspace/cargo-home:/opt/rustwide/cargo-home:ro,Z" "-v" "/var/lib/crater-agent-workspace/rustup-home:/opt/rustwide/rustup-home:ro,Z" "-e" "SOURCE_DIR=/opt/rustwide/workdir" "-e" "CARGO_TARGET_DIR=/opt/rustwide/target" "-e" "CARGO_INCREMENTAL=0" "-e" "RUST_BACKTRACE=full" "-e" "RUSTFLAGS=--cap-lints=forbid" "-e" "RUSTDOCFLAGS=--cap-lints=forbid" "-e" "CARGO_HOME=/opt/rustwide/cargo-home" "-e" "RUSTUP_HOME=/opt/rustwide/rustup-home" "-w" "/opt/rustwide/workdir" "-m" "1610612736" "--user" "0:0" "--network" "none" "ghcr.io/rust-lang/crates-build-env/linux@sha256:19e73879b68f455e41552ea35293514db52ea292d993f571636dbffedb77a1ee" "/opt/rustwide/cargo-home/bin/cargo" "+e6e4f7ed1589e03bc2f6c5931c1a72e7947e8682" "check" "--frozen" "--all" "--all-targets" "--message-format=json", kill_on_drop: false }`
[INFO] [stdout] 0b7c63d4fa1a5c1bb309c9880183437acb10b2c10cc3d874bbcdd4a31adfb7c5
[INFO] running `Command { std: "docker" "start" "-a" "0b7c63d4fa1a5c1bb309c9880183437acb10b2c10cc3d874bbcdd4a31adfb7c5", kill_on_drop: false }`
[INFO] [stderr]    Compiling syn v1.0.58
[INFO] [stderr]    Compiling libc v0.2.82
[INFO] [stderr]    Compiling log v0.4.13
[INFO] [stderr]    Compiling serde_derive v1.0.119
[INFO] [stderr]    Compiling serde v1.0.119
[INFO] [stderr]    Compiling quote v1.0.8
[INFO] [stderr]    Compiling tokio v1.0.2
[INFO] [stderr]    Compiling indexmap v1.6.1
[INFO] [stderr]    Compiling standback v0.2.14
[INFO] [stderr]    Compiling yansi v0.5.0
[INFO] [stderr]    Compiling proc-macro2-diagnostics v0.9.1
[INFO] [stderr]    Compiling pin-project-lite v0.2.4
[INFO] [stderr]    Compiling bytes v1.0.1
[INFO] [stderr]    Compiling const_fn v0.4.5
[INFO] [stderr]    Compiling time v0.2.24
[INFO] [stderr]    Compiling futures-core v0.3.12
[INFO] [stderr]     Checking itoa v0.4.7
[INFO] [stderr]     Checking futures-task v0.3.12
[INFO] [stderr]    Compiling uncased v0.9.3
[INFO] [stderr]     Checking hashbrown v0.9.1
[INFO] [stderr]    Compiling mio v0.7.7
[INFO] [stderr]    Compiling num_cpus v1.13.0
[INFO] [stderr]    Compiling signal-hook-registry v1.3.0
[INFO] [stderr]    Compiling getrandom v0.1.16
[INFO] [stderr]    Compiling futures-sink v0.3.12
[INFO] [stderr]    Compiling tracing-core v0.1.17
[INFO] [stderr]    Compiling cookie v0.15.0-dev (https://github.com/SergioBenitez/cookie-rs.git?rev=1c3ca83#1c3ca838)
[INFO] [stderr]    Compiling ref-cast v1.0.6
[INFO] [stderr]    Compiling fnv v1.0.7
[INFO] [stderr]    Compiling tracing v0.1.22
[INFO] [stderr]    Compiling http v0.2.3
[INFO] [stderr]    Compiling bitflags v1.2.1
[INFO] [stderr]    Compiling futures-channel v0.3.12
[INFO] [stderr]    Compiling proc-macro-nested v0.1.7
[INFO] [stderr]    Compiling num-traits v0.2.14
[INFO] [stderr]    Compiling slab v0.4.2
[INFO] [stderr]    Compiling futures-io v0.3.12
[INFO] [stderr]     Checking rand_core v0.5.1
[INFO] [stderr]    Compiling instant v0.1.9
[INFO] [stderr]    Compiling proc-macro-error-attr v1.0.4
[INFO] [stderr]    Compiling num-integer v0.1.44
[INFO] [stderr]    Compiling rocket_http v0.5.0-dev (https://github.com/SergioBenitez/Rocket?branch=master#c24f15c1)
[INFO] [stderr]    Compiling smallvec v1.6.1
[INFO] [stderr]    Compiling try-lock v0.2.3
[INFO] [stderr]     Checking ppv-lite86 v0.2.10
[INFO] [stderr]    Compiling lock_api v0.4.2
[INFO] [stderr]    Compiling parking_lot_core v0.8.2
[INFO] [stderr]    Compiling want v0.3.0
[INFO] [stderr]     Checking tinyvec v1.1.0
[INFO] [stderr]    Compiling socket2 v0.3.19
[INFO] [stderr]     Checking rand_chacha v0.2.2
[INFO] [stderr]    Compiling httparse v1.3.4
[INFO] [stderr]    Compiling proc-macro-error v1.0.4
[INFO] [stderr]     Checking void v1.0.2
[INFO] [stderr]     Checking inlinable_string v0.1.14
[INFO] [stderr]    Compiling tower-service v0.3.0
[INFO] [stderr]    Compiling serde_json v1.0.61
[INFO] [stderr]    Compiling http-body v0.4.0
[INFO] [stderr]    Compiling percent-encoding v2.1.0
[INFO] [stderr]    Compiling httpdate v0.3.2
[INFO] [stderr]     Checking unicode-normalization v0.1.16
[INFO] [stderr]     Checking unreachable v1.0.0
[INFO] [stderr]     Checking rand v0.7.3
[INFO] [stderr]    Compiling parking_lot v0.11.1
[INFO] [stderr]     Checking time v0.1.44
[INFO] [stderr]    Compiling atomic v0.5.0
[INFO] [stderr]    Compiling figment v0.10.2
[INFO] [stderr]    Compiling devise_core v0.3.0 (https://github.com/SergioBenitez/Devise.git?rev=3648468#3648468a)
[INFO] [stderr]     Checking byteorder v1.4.2
[INFO] [stderr]    Compiling mime v0.3.16
[INFO] [stderr]    Compiling state v0.4.2
[INFO] [stderr]     Checking ascii v0.9.3
[INFO] [stderr]     Checking idna v0.2.0
[INFO] [stderr]     Checking combine v3.8.1
[INFO] [stderr]     Checking chrono v0.4.19
[INFO] [stderr]    Compiling derive_utils v0.11.2
[INFO] [stderr]    Compiling rocket v0.5.0-dev (https://github.com/SergioBenitez/Rocket?branch=master#c24f15c1)
[INFO] [stderr]    Compiling glob v0.3.0
[INFO] [stderr]     Checking unicode-xid v0.2.1
[INFO] [stderr]     Checking base64 v0.12.3
[INFO] [stderr]     Checking hex v0.4.2
[INFO] [stderr]     Checking url v2.2.0
[INFO] [stderr]     Checking atty v0.2.14
[INFO] [stderr]     Checking binascii v0.1.4
[INFO] [stderr]     Checking uuid v0.8.2
[INFO] [stderr]    Compiling tokio-macros v1.0.0
[INFO] [stderr]    Compiling futures-macro v0.3.12
[INFO] [stderr]    Compiling pin-project-internal v0.4.27
[INFO] [stderr]    Compiling time-macros-impl v0.1.1
[INFO] [stderr]    Compiling pin-project-internal v1.0.4
[INFO] [stderr]    Compiling pear_codegen v0.2.0
[INFO] [stderr]     Checking futures-util v0.3.12
[INFO] [stderr]    Compiling ref-cast-impl v1.0.6
[INFO] [stderr]    Compiling time-macros v0.1.1
[INFO] [stderr]    Compiling pin-project v1.0.4
[INFO] [stderr]    Compiling pin-project v0.4.27
[INFO] [stderr]    Compiling tracing-futures v0.2.4
[INFO] [stderr]    Compiling pear v0.2.0
[INFO] [stderr]    Compiling devise_codegen v0.3.0 (https://github.com/SergioBenitez/Devise.git?rev=3648468#3648468a)
[INFO] [stderr]    Compiling thiserror-impl v1.0.23
[INFO] [stderr]     Checking futures-executor v0.3.12
[INFO] [stderr]    Compiling tokio-stream v0.1.2
[INFO] [stderr]     Checking futures v0.3.12
[INFO] [stderr]    Compiling tokio-util v0.6.1
[INFO] [stderr]    Compiling async-trait v0.1.42
[INFO] [stderr]    Compiling futures-enum v0.1.17
[INFO] [stderr]    Compiling devise v0.3.0 (https://github.com/SergioBenitez/Devise.git?rev=3648468#3648468a)
[INFO] [stderr]    Compiling tokio-macros v0.2.6
[INFO] [stderr]    Compiling juniper_codegen v0.15.2 (https://github.com/graphql-rust/juniper#6f490850)
[INFO] [stderr]     Checking thiserror v1.0.23
[INFO] [stderr]     Checking graphql-parser v0.3.0
[INFO] [stderr]     Checking tokio v0.2.24
[INFO] [stderr]     Checking toml v0.5.8
[INFO] [stderr]     Checking ubyte v0.10.1
[INFO] [stderr]     Checking h2 v0.3.0
[INFO] [stderr]     Checking bson v1.1.0
[INFO] [stderr]     Checking juniper v0.15.2 (https://github.com/graphql-rust/juniper#6f490850)
[INFO] [stderr]     Checking hyper v0.14.2
[INFO] [stderr]    Compiling rocket_codegen v0.5.0-dev (https://github.com/SergioBenitez/Rocket?branch=master#c24f15c1)
[INFO] [stderr]     Checking juniper_rocket_async v0.5.1 (https://github.com/graphql-rust/juniper#6f490850)
[INFO] [stderr]     Checking juniper_context_lifetimes v0.1.0 (/opt/rustwide/workdir)
[INFO] [stdout] error: higher-ranked lifetime error
[INFO] [stdout]   --> src/main.rs:16:1
[INFO] [stdout]    |
[INFO] [stdout] 16 | #[get("/graphql?<request>")]
[INFO] [stdout]    | ^^^^^^^^^^^^^^^^^^^^^^^^^^^^
[INFO] [stdout]    |
[INFO] [stdout]    = note: could not prove `Pin<Box<[async block@src/main.rs:16:1: 16:29]>>: CoerceUnsized<Pin<Box<(dyn std::future::Future<Output = Outcome<rocket::Response<'d>, Status, rocket::Data>> + std::marker::Send + 'e)>>>`
[INFO] [stdout]    = note: this error originates in the attribute macro `get` (in Nightly builds, run with -Z macro-backtrace for more info)
[INFO] [stdout] 
[INFO] [stdout] 
[INFO] [stdout] help: replace `'_b` with `'static`
[INFO] [stdout] 
[INFO] [stdout] 
[INFO] [stdout] error[E0521]: borrowed data escapes outside of function
[INFO] [stdout]   --> src/main.rs:17:14
[INFO] [stdout]    |
[INFO] [stdout] 16 |   #[get("/graphql?<request>")]
[INFO] [stdout]    |   ----------------------------
[INFO] [stdout]    |   |
[INFO] [stdout]    |   `__req` is a reference that is only valid in the function body
[INFO] [stdout]    |   lifetime `'_b` defined here
[INFO] [stdout] 17 |   pub async fn get_graphql_handler<'a>(
[INFO] [stdout]    |  ______________^
[INFO] [stdout] 18 | |     request: juniper_rocket_async::GraphQLRequest,
[INFO] [stdout] 19 | |     schema: State<'_, Schema<'a>>,
[INFO] [stdout] 20 | |     context: Context<'a>,
[INFO] [stdout] 21 | | ) -> juniper_rocket_async::GraphQLResponse {
[INFO] [stdout]    | |                                          ^
[INFO] [stdout]    | |                                          |
[INFO] [stdout]    | |__________________________________________`__req` escapes the function body here
[INFO] [stdout]    |                                            argument requires that `'_b` must outlive `'static`
[INFO] [stdout] 
[INFO] [stdout] 
[INFO] [stdout] error[E0521]: borrowed data escapes outside of function
[INFO] [stdout]   --> src/main.rs:17:14
[INFO] [stdout]    |
[INFO] [stdout] 16 |   #[get("/graphql?<request>")]
[INFO] [stdout]    |   ----------------------------
[INFO] [stdout]    |   |
[INFO] [stdout]    |   `__req` is a reference that is only valid in the function body
[INFO] [stdout]    |   has type `&rocket::Request<'1>`
[INFO] [stdout] 17 |   pub async fn get_graphql_handler<'a>(
[INFO] [stdout]    |  ______________^
[INFO] [stdout] 18 | |     request: juniper_rocket_async::GraphQLRequest,
[INFO] [stdout] 19 | |     schema: State<'_, Schema<'a>>,
[INFO] [stdout] 20 | |     context: Context<'a>,
[INFO] [stdout] 21 | | ) -> juniper_rocket_async::GraphQLResponse {
[INFO] [stdout]    | |                                          ^
[INFO] [stdout]    | |                                          |
[INFO] [stdout]    | |__________________________________________`__req` escapes the function body here
[INFO] [stdout]    |                                            argument requires that `'1` must outlive `'static`
[INFO] [stdout] 
[INFO] [stdout] 
[INFO] [stdout] error: higher-ranked lifetime error
[INFO] [stdout]   --> src/main.rs:16:1
[INFO] [stdout]    |
[INFO] [stdout] 16 | #[get("/graphql?<request>")]
[INFO] [stdout]    | ^^^^^^^^^^^^^^^^^^^^^^^^^^^^
[INFO] [stdout]    |
[INFO] [stdout]    = note: could not prove `Pin<Box<[async block@src/main.rs:16:1: 16:29]>>: CoerceUnsized<Pin<Box<(dyn std::future::Future<Output = Outcome<rocket::Response<'d>, Status, rocket::Data>> + std::marker::Send + 'e)>>>`
[INFO] [stdout]    = note: this error originates in the attribute macro `get` (in Nightly builds, run with -Z macro-backtrace for more info)
[INFO] [stdout] 
[INFO] [stdout] 
[INFO] [stdout] help: replace `'_b` with `'static`
[INFO] [stdout] 
[INFO] [stdout] 
[INFO] [stdout] error[E0521]: borrowed data escapes outside of function
[INFO] [stdout]   --> src/main.rs:17:14
[INFO] [stdout]    |
[INFO] [stdout] 16 |   #[get("/graphql?<request>")]
[INFO] [stdout]    |   ----------------------------
[INFO] [stdout]    |   |
[INFO] [stdout]    |   `__req` is a reference that is only valid in the function body
[INFO] [stdout]    |   lifetime `'_b` defined here
[INFO] [stdout] 17 |   pub async fn get_graphql_handler<'a>(
[INFO] [stdout]    |  ______________^
[INFO] [stdout] 18 | |     request: juniper_rocket_async::GraphQLRequest,
[INFO] [stdout] 19 | |     schema: State<'_, Schema<'a>>,
[INFO] [stdout] 20 | |     context: Context<'a>,
[INFO] [stdout] 21 | | ) -> juniper_rocket_async::GraphQLResponse {
[INFO] [stdout]    | |                                          ^
[INFO] [stdout]    | |                                          |
[INFO] [stdout]    | |__________________________________________`__req` escapes the function body here
[INFO] [stdout]    |                                            argument requires that `'_b` must outlive `'static`
[INFO] [stdout] 
[INFO] [stdout] 
[INFO] [stdout] error[E0521]: borrowed data escapes outside of function
[INFO] [stdout]   --> src/main.rs:17:14
[INFO] [stdout]    |
[INFO] [stdout] 16 |   #[get("/graphql?<request>")]
[INFO] [stdout]    |   ----------------------------
[INFO] [stdout]    |   |
[INFO] [stdout]    |   `__req` is a reference that is only valid in the function body
[INFO] [stdout]    |   has type `&rocket::Request<'1>`
[INFO] [stdout] 17 |   pub async fn get_graphql_handler<'a>(
[INFO] [stdout]    |  ______________^
[INFO] [stdout] 18 | |     request: juniper_rocket_async::GraphQLRequest,
[INFO] [stdout] 19 | |     schema: State<'_, Schema<'a>>,
[INFO] [stdout] 20 | |     context: Context<'a>,
[INFO] [stdout] 21 | | ) -> juniper_rocket_async::GraphQLResponse {
[INFO] [stdout]    | |                                          ^
[INFO] [stdout]    | |                                          |
[INFO] [stdout]    | |__________________________________________`__req` escapes the function body here
[INFO] [stdout]    |                                            argument requires that `'1` must outlive `'static`
[INFO] [stdout] 
[INFO] [stdout] 
[INFO] [stdout] error: aborting due to 3 previous errors
[INFO] [stdout] 
[INFO] [stdout] 
[INFO] [stdout] For more information about this error, try `rustc --explain E0521`.
[INFO] [stdout] 
[INFO] [stdout] error: aborting due to 3 previous errors
[INFO] [stdout] 
[INFO] [stdout] 
[INFO] [stdout] For more information about this error, try `rustc --explain E0521`.
[INFO] [stdout] 
[INFO] [stderr] error: could not compile `juniper_context_lifetimes` (bin "juniper_context_lifetimes") due to 4 previous errors
[INFO] [stderr] warning: build failed, waiting for other jobs to finish...
[INFO] [stderr] error: could not compile `juniper_context_lifetimes` (bin "juniper_context_lifetimes" test) due to 4 previous errors
[INFO] running `Command { std: "docker" "inspect" "0b7c63d4fa1a5c1bb309c9880183437acb10b2c10cc3d874bbcdd4a31adfb7c5", kill_on_drop: false }`
[INFO] running `Command { std: "docker" "rm" "-f" "0b7c63d4fa1a5c1bb309c9880183437acb10b2c10cc3d874bbcdd4a31adfb7c5", kill_on_drop: false }`
[INFO] [stdout] 0b7c63d4fa1a5c1bb309c9880183437acb10b2c10cc3d874bbcdd4a31adfb7c5
